17?
13
Let z be 1 + -4 + (27 - -3) - -2. Calculate the greatest common factor of 261 and z.
29
Let k be ((-17)/4)/(1/(-20)). Let d = 22 + 59. Suppose -2*o - 2*o - 4*f + 52 = 0, -f = 5*o - d. Calculate the highest common factor of o and k.
17
Suppose -4*y - 5 = 4*k - 21, 2 = k. Let c be 2/4 + (-45)/(-6). Suppose j - c = -2*n - y, 10 = j + 4*n. What is the highest common factor of j and 1?
1
Suppose -j - 3*a = -12, j - 2*a = -0 + 2. Suppose 2*b - c + 4 = 3*b, -16 = -b + 5*c. Calculate the greatest common factor of j and b.
6
Let k(w) = -13*w**3 - 4*w**2 - 2*w. Let q be k(-3). Let t = q - 152. Let o = t - 70. What is the greatest common divisor of o and 11?
11
Let n be (-32 + (-2)/(-6)*3)/(-1). Calculate the greatest common divisor of n and 279.
31
Let w(f) = 2*f - 6. Let t be w(8). Suppose -2*s - 2*s = 0. Suppose s*o + o = 25. What is the greatest common factor of t and o?
5
Suppose -5*o + 883 = -d, 5*o + 2*d - d = 877. Suppose g + g - 32 = 0. Calculate the highest common factor of o and g.
16
Suppose -5*i = -5*o + 201 - 1, -3*o - 4*i + 141 = 0. Let c be (o - 1)/(-1 + 2). What is the greatest common divisor of 28 and c?
14
Suppose -4*a = -0*a - 24. What is the highest common divisor of 9 and a?
3
Suppose -4*j = 4*p + 2 - 142, -5*p = j - 39. Let f = j - -27. Let q = -43 + f. Calculate the highest common factor of 12 and q.
6
Suppose 0 = d - 45 + 14. What is the greatest common divisor of d and 341?
31
Let v = 1 + 3. Suppose -v*p - 112 = -6*p. Suppose 1 - 15 = -2*k. What is the highest common factor of k and p?
7
Let o be (-44)/(-16)*240/4. What is the greatest common factor of o and 15?
15
Let u = -231 - -510. Suppose -84 + u = 3*w. What is the greatest common factor of 26 and w?
13
Let s = -49 - -57. What is the greatest common divisor of s and 48?
8
Let p(q) = -q**2 + 3. Let h be p(0). Suppose -h*y = -6*y + 33. Calculate the greatest common divisor of 121 and y.
11
Let n be (4/(-6))/((-6)/144). Calculate the greatest common factor of n and 40.
8
Suppose 0 = -20*h + 23*h. Suppose -w + 44 = -h*w. What is the highest common factor of 4 and w?
4
Let n(x) = x**3 + 17*x**2 - 20*x - 31. Let s be n(-18). What is the highest common divisor of s and 10?
5
Let m(n) = n**3 - n - 4. Let s be m(2). What is the greatest common factor of 2 and s?
2
Let t = 46 + -29. What is the greatest common factor of t and 34?
17
Let h(d) = -23*d + 3. Let i be h(-3). Calculate the highest common factor of 8 and i.
8
Suppose -v - 4 = -2, 2*j - 94 = -5*v. Calculate the greatest common factor of 13 and j.
13
Suppose -8*t = -3*t - 15. Suppose 7*s + 6 = 9*s. What is the greatest common factor of t and s?
3
Let u be 3/(-6)*2 - -7. Suppose -26 - u = -4*x. Calculate the greatest common divisor of 1 and x.
1
Suppose 0 = -4*o + 5*o - 5. Suppose o*x + 1 = 61. Let r(c) = -c - 1. Let w be r(-4). What is the highest common divisor of x and w?
3
Suppose 2*s - 14 = 66. Calculate the greatest common factor of 16 and s.
8
Let s = -6 - -9. Suppose 228 = s*h - 300. Calculate the highest common divisor of h and 16.
16
Let a = 18 - 10. Suppose 3*o - a = 4. Suppose 39 = o*q - 3*j, 5*q - j - 75 = -6*j. What is the highest common divisor of q and 84?
12
Let c(p) = 16*p - 6. Let j be c(4). Suppose -o + j = 18. Suppose -w + 11 = -5. Calculate the greatest common factor of o and w.
8
Let y be (4 - 2)/(1 - (-21)/(-27)). Let r be 14 - (-5)/(10/(-4)). Let d = 21 - r. What is the highest common divisor of d and y?
9
Suppose 0 = 4*f + 5*k - 46, f - 4*k - 64 = -3*f. Calculate the greatest common divisor of 112 and f.
14
Suppose 6*k = 11*k - 15. Let t = k + 7. Calculate the greatest common factor of t and 5.
5
Let v(s) = s**2 - 7*s - 4. Suppose -4*o - 7 = -51. Let r be v(o). What is the highest common factor of r and 5?
5
Suppose -1078 = 15*q - 22*q. Calculate the highest common divisor of 14 and q.
14
Let v be -6*(-15)/6*-1. Let y be ((-65)/v)/((-1)/(-3)). What is the highest common divisor of 143 and y?
13
Let r = -5 + 15. Let a = r - 1. Calculate the highest common factor of a and 18.
9
Suppose 2*i - 47 = -6*b + 3*b, 0 = -2*b + 5*i + 25. Let x be (b - 1)/((-7)/(-140)). What is the highest common factor of 28 and x?
28
Let r = 2 - -8. Let x(f) = -f**3 - 3*f**2 + 6*f + 5. Let t be x(-5). Calculate the highest common divisor of r and t.
5
Suppose 0*v + 10 = 2*v. Let w(u) = 2*u - 5. Let d be w(4). Suppose -d*h - h + 160 = 0. What is the greatest common factor of h and v?
5
Suppose 5*y = 4*y + 1. Let h be (11/(-2))/(y/(-24)). Let k(p) = -p**3 - 7*p**2 + 9*p + 20. Let o be k(-8). Calculate the highest common factor of h and o.
12
Suppose -13*r + 1145 = -805. What is the highest common divisor of r and 30?
30
Let o(j) = j**2 + 10*j + 8. Let d be o(-12). What is the greatest common factor of 16 and d?
16
Let y = 861 + -588. Suppose 2*z - 5*p = -175, -y = 3*z + 3*p - 0*p. Let i = z + 160. What is the greatest common divisor of 14 and i?
14
Let f be ((-132)/(-48))/((-1)/(-20)). What is the greatest common divisor of f and 5?
5
Let s(l) = 9*l**2 - l + 4. Let y be s(-3). Let w = -40 + y. What is the highest common factor of 16 and w?
16
Suppose 0 = -4*d + 6*d - 120. Let m = d - 22. Let p(v) = -11*v + 2. Let n be p(-5). What is the highest common divisor of n and m?
19
Suppose -3*j - 2*p - 23 = -p, -5*j + 2*p = 20. Let u be (-1)/(-1)*(247 - j). What is the greatest common divisor of u and 23?
23
Suppose -c + 4*c - 34 = -2*p, -p = -c - 17. Calculate the highest common divisor of p and 17.
17
Let g be (4 - (-56)/4)*2/2. Suppose 7 = -4*k + 5*v, k - v + 1 = -0*k. Let b be 47 - (-2 + 8/k). What is the greatest common factor of b and g?
9
Let b = -10 - -14. Suppose -4*p = -13 - 7. Let j be (-3)/(-6)*(p - -3). Calculate the highest common factor of b and j.
4
Let r = 94 - 60. Let o(z) = -6*z - 2 + z**2 + 2 - 4. Let f be o(-5). What is the greatest common divisor of r and f?
17
Let a(f) = -f**2 + 9*f - 2. Let k be a(9). Let i be k + -2 + -2 + 454. Let n be 2/(-11) - i/(-44). What is the highest common factor of 50 and n?
10
Suppose 4*c + c + 3*q = 50, 6 = 2*c + 4*q. Suppose 234 = 3*s - s. What is the greatest common divisor of c and s?
13
Let c(d) = -32*d**3 + d**2 - d. Let a be c(1). Let y be a/(-3) + (-4)/6. What is the highest common factor of 5 and y?
5
Let v(t) = 3*t - 3. Let q be v(2). Let g(u) = 0*u + q*u + 8*u**2 - u. Let k be g(-2). What is the greatest common factor of k and 4?
4
Suppose 2*m = -4*t + 155 + 71, 2*t - 116 = -4*m. Calculate the highest common divisor of 16 and t.
8
Let a(w) = -w**3 - 4*w**2 + 6*w + 6. Let h be a(-4). Let o be 1 - h - (-6)/(-6). What is the greatest common divisor of 9 and o?
9
Let p(n) = -n**3 - 8*n**2 + 8*n - 6. Let w be p(-9). Suppose -5*x - w*c = -54, 3*x + 2*c = 2*x + 8. Calculate the highest common divisor of x and 18.
6
Suppose 2*z - 3*f - 73 - 99 = 0, -4*z = -f - 324. What is the highest common divisor of 16 and z?
16
Let c be 398/8 - (-4)/16. What is the greatest common factor of c and 125?
25
Let g = 27 - 23. Let m be 1/g + 6/8. What is the highest common divisor of 3 and m?
1
Suppose -2*k + 3 = -5. Suppose 0 = 3*l + 6, -12 = -2*z - k*l + l. What is the greatest common factor of 63 and z?
9
Let j = -20 - 2. Let r = j - -43. What is the highest common factor of r and 14?
7
Let h(w) = -w - 1. Let s be h(-4). Suppose 4*p + 3*t = 117, -3*p - s*t + 7*t + 94 = 0. Calculate the greatest common divisor of 15 and p.
15
Let n be 7/42 - (1630/(-12) + 1). Calculate the greatest common factor of 15 and n.
15
Let t = -18 + 78. Calculate the highest common divisor of 12 and t.
12
Let x(y) = -2*y**2 - y - 1. Let r be x(2). Let k = 24 + r. What is the highest common factor of 52 and k?
13
Let j(m) = 4*m**2 + 5*m - 3. Let n = 2 + 2. Let h be j(n). What is the greatest common divisor of h and 9?
9
Suppose -42 = 5*y - 3*n + 4*n, 26 = -2*y - 5*n. Let i be (-2)/y + (-1932)/(-16). Calculate the highest common factor of 11 and i.
11
Suppose r = 5*r - 8. Let z be 40/(-5)*(-7)/r. Calculate the highest common factor of z and 42.
14
Suppose 5*t = 14 + 96. Calculate the greatest common divisor of 33 and t.
11
Let i = 99 - 14. Let h = i - 61. Let j(u) = -2*u - 1. Let l be j(-2). Calculate the greatest common divisor of h and l.
3
Let t(j) be the first derivative of -7*j**2/2 - 3*j - 4. Let q be t(-12)